*u - 15 = -s*t. Let w(r) = -r**3 - r**2 + 7*r + 7. What is the units digit of w(t)?
4
Suppose -15179 = -3*r - 15503 + 64647. What is the hundreds digit of r?
4
What is the units digit of (-80)/(-50) - (-55797)/5?
1
Let u(w) = 11*w + 1 - 2 + 1 + 4 + 10*w**2 - w**3. Let s be u(11). Suppose 3*r + 5*i - 262 = 0, 0 = -s*r - 3*i - 205 + 569. What is the tens digit of r?
9
Let v(q) = -q**3 - 21*q**2 - 18*q + 40. Let n be v(-20). Suppose n = -i + 268 - 47. What is the units digit of i?
1
Let p(h) be the third derivative of h**4/24 + 11*h**3/3 + 21*h**2. Let v be p(-7). Suppose a - 113 = v. What is the tens digit of a?
2
Suppose -5*b = -4494*n + 4489*n + 96250, 0 = -5*n + b + 96254. What is the tens digit of n?
5
Let z(q) = 2*q**2 - 4*q + 2. Let d be z(3). Let a be (-2)/(-15) + -2183*d/30. What is the tens digit of (1 - (-2)/(-3))/((-2)/a)?
9
Let l = 14475 - 14414. Suppose -5*j + 315 = 3*m, 0 = -3*j + 2*m + 2*m + 160. Suppose 0 = -56*c + l*c - j. What is the units digit of c?
2
Let j = 24775 + -11693. What is the tens digit of j?
8
Let r(m) = 6*m - 14. Let v be r(7). Let i be (-153)/(-21) - 8/v. Suppose g - i*g = -798. What is the units digit of g?
3
Suppose 3*h = -15, 2*p - 142 = 2*h - 4*h. Suppose 9*q - 113 = p. What is the units digit of q?
1
Let y be (-215 + 0 + 2)*-1. Let s = y - 111. What is the units digit of s?
2
Suppose -18*p = -27*p - 90. What is the tens digit of 72/p*7130/(-92)?
5
Let y(b) = -4*b + 42. Let t(n) = -n - 1. Let o(m) = 6*t(m) - y(m). Let r be o(-27). What is the hundreds digit of -2*r*(-590)/40?
1
Suppose 0 = 14*x - 387273 + 119635. What is the hundreds digit of x?
1
Let i = -125285 + 211029. What is the tens digit of i?
4
Let s(d) = d**2 + 6*d - 1. Suppose -5*z = 9 + 16. Let k be s(z). What is the units digit of (4/k)/(-1) + 628/12?
3
Suppose p + 4*l = 13155 - 2039, -44416 = -4*p - 4*l. What is the units digit of p?
0
Suppose 3*u = 4*n + 4*u - 40, 0 = -2*n + 4*u + 38. Suppose 3*j = n - 2. Suppose -j*z - z + 332 = 0. What is the units digit of z?
3
What is the tens digit of ((-10)/(-25)*-10)/((-5)/5840)?
7
Suppose -3*r + 4*s + 46338 = -0*r, -2*s = -5*r + 77216. What is the units digit of r?
2
Suppose 9*q + c = 8*q - 2, 2*q - 2*c = 16. Suppose -2*d = -5*n + 539 - 154, 0 = q*d + 15. What is the units digit of n?
5
Suppose -4*q - 3*z = -37694, -148*z = 6*q - 144*z - 56544. What is the tens digit of q?
2
Suppose 0 = -21*a + 22*a + 777. Let n = a - -1737. What is the hundreds digit of n?
9
Suppose 2*j + 8 = -14. Let c(u) = -362 - 361 + 708 - 2*u**2 + 3*u**2. What is the tens digit of c(j)?
0
Let t(c) = 2*c**2 + 189*c - 59. What is the tens digit of t(-131)?
0
Suppose x + 8 - 5 = 0. Let u(r) = -11*r**3 + 3*r**2 + 3*r + 4. Let a be u(x). Suppose 0*g - v + a = 3*g, -2*g - 3*v + 222 = 0. What is the hundreds digit of g?
1
Suppose 3*x + 132*v - 131*v = 40786, x - 13607 = -2*v. What is the units digit of x?
3
Let o(s) = 12*s**2 + 3*s - 33. Suppose 3*d - 2*f = 23, 22 = -5*f + 2. What is the units digit of o(d)?
2
Let p be -3 + 42/12*2. Suppose -13 = 3*i - y, 0 = -p*i - 3*y + 8*y - 10. What is the units digit of -145*i/15*3?
5
Let t = 160 - 160. Suppose -18*l + 25*l - 3255 = t. What is the tens digit of l?
6
Suppose -4*l - 27*l + 28591 = -1634. What is the tens digit of l?
7
Let j(i) be the second derivative of -7*i**5/10 + i**4/3 + 3*i**3/2 + 5*i**2 + 8*i - 1. What is the hundreds digit of j(-2)?
1
Suppose 3*b = 4*h + 15, -5*h = -4*b + 9 + 10. Let d = h - -61. Let c = d + -32. What is the units digit of c?
6
Suppose -11999*i + 163380 = -11984*i. What is the hundreds digit of i?
8
Let p be (-8)/60*-5*3. Let a be p/(-14) - 645/(-105). What is the units digit of 2/a + (-1495)/(-15)?
0
Suppose -6*k + u = -k + 2034, 3*k = -2*u - 1210. Let z = 412 + k. What is the units digit of z?
6
What is the ten thousands digit of (-2)/4*1132/(-2)*109032/1848?
1
Let y(o) = -o**3 - 12*o**2 + 2*o + 29. Let r be y(-12). Suppose -r*w + w + 2*w = 0. Suppose -b + 62 = -w*b. What is the tens digit of b?
6
Suppose -3*v - 24 = -3*j + 30, -j + 16 = -2*v. Let r = -18 + j. Let z(u) = 12*u**2 + 3*u - 2. What is the tens digit of z(r)?
5
Let k be ((-321)/9)/(1/(-3)). Suppose -5*c + 238 = -k. What is the tens digit of c?
6
Let u(d) = 82*d - 47. Let s be u(-7). Let h = s + 1295. What is the tens digit of h?
7
Let z = -46 - -40. Let s = -2 - z. Suppose 5*q + 4*o - 240 = 131, 4*q - 300 = -s*o. What is the tens digit of q?
7
Let s(p) = -32*p - 181. Let v be s(-33). Suppose -26*b + v + 9395 = 0. What is the units digit of b?
5
Let t = 529 - 524. Suppose -3*g = 3*w - 102 - 201, w - 3*g - 81 = 0. Suppose -c = -5*c - q + w, t*q = 3*c - 72. What is the tens digit of c?
2
Let z = 19844 - 6989. What is the hundreds digit of z?
8
Suppose -55772 = -5*k + 13*w - 15*w, -w = -k + 11160. What is the units digit of k?
6
Suppose 3*l + 36 = 3*b + l, 57 = 3*b + 5*l. Suppose 6*v = -b + 74. Suppose 4*c = -2*q + 2*c + 290, 5*c = v. What is the hundreds digit of q?
1
Let j = -98 - -96. Let l be ((92 + j)/(-2))/(-20 - -19). Suppose -106 = -y + l. What is the hundreds digit of y?
1
Let p(v) = v - 2. Let q be p(4). Let h be (-15)/6*-22*7. What is the tens digit of h/7 + (q - 1)?
5
Let r be -3*1/9*0/2. Suppose -6*c + 4*c + 302 = r. What is the units digit of c?
1
Suppose -3 = -7*n - 17. Suppose 2*o + 5*j - 32 = -2*o, 0 = -2*o + 2*j - 2. What is the units digit of (-1 - (n - o)) + 68?
2
Suppose -b = 5*d - 55, 4*d = -2*b - 2*b + 28. Suppose -y + 7*t = 3*t - 2, 2*y + 3*t - 26 = 0. Suppose 13*x = y*x + d. What is the units digit of x?
4
Suppose -31*k = 19586 - 115810. What is the hundreds digit of k?
1
Suppose -2*s + 4*h = -17108, 17080 = 2*s - 36*h + 39*h. What is the tens digit of s?
4
Suppose 6*g - g - 3*o = -676, -5*o = 3*g + 392. Let u(p) = p**2 - 4*p + 28. Let i be u(-11). Let a = i + g. What is the units digit of a?
9
Let y = 273 + -233. Let a = 231 - y. What is the hundreds digit of a?
1
Let g(r) = 19*r**2 - 5*r - 19. Let n be g(6). Suppose 8*v - n - 4437 = 0. What is the hundreds digit of v?
6
Let i(p) = 200*p**2 - 233*p - 2953. What is the units digit of i(-12)?
3
Let d(h) = 66*h + 3619. What is the ten thousands digit of d(116)?
1
Let b be 5253/9 - 20/(-60). Let y = b - 331. What is the units digit of y?
3
Let c = -11635 - -26023. What is the thousands digit of c?
4
What is the ten thousands digit of 392412/9 + ((-4)/12)/(1/(-2))?
4
What is the units digit of 193104/64 + 7/(-28)?
7
Let l = -46 - -68. Let f be ((l/(-5))/(5/25))/(-2). Let c = 67 + f. What is the tens digit of c?
7
Suppose -50727 = -50*h + 47*h. Suppose -5064 = 23*n - h. What is the units digit of n?
5
Let c be (4/12)/((-6)/(-1692)). Suppose c*s = 103*s - 1638. What is the units digit of s?
2
Let h be (-335)/(-25)*5/1. Suppose -k = 4*n - 46, -91 - h = -5*k - 2*n. What is the tens digit of k/25*240/9?
3
Let a be ((-19708)/65)/((-4)/110). Let v be (-9)/(-6) + a/4. Suppose -9*m + v = 5*m. What is the tens digit of m?
4
Let t(k) = -6*k**3 + 2*k**2 + 9*k + 4. Suppose -w - 3*b - 14 = 6, -3*w = -5*b - 10. Let d be t(w). What is the tens digit of 9/(-15) + (3 - d/(-15))?
5
Let o be 7 + 6537/15 - (-1)/5. Let g = 772 - o. What is the units digit of g?
9
Let u be 4 - (-1 + 0/2). Suppose -4*l - 93 = -u*l. Let v = 201 - l. What is the hundreds digit of v?
1
Let p(s) = -s**3 + 13*s**2 + 40*s + 35. Let v be p(15). Suppose 0 = -2*w - x + v, 0 - 5 = -x. What is the units digit of w?
0
Let v(o) = -25*o + 21*o + 2*o + 21*o + 333 + 746. What is the units digit of v(0)?
9
Suppose -2*x - 5*v + 19908 = 0, 3*x - 24568 = -v + 5294. What is the tens digit of x?
5
Let y(d) = -39*d + 1052. Let g be y(27). Suppose 3 = -v + 6. What is the units digit of v + g/(2/(-168))?
7
Let m(b) = -b**3 + 9*b**2 + 2*b - 6. Let j be m(8). What is the units digit of 2/(-2)*(6 - (-1 + j))?
7
What is the hundreds digit of (900/24 - -15)/((-2)/(-152))?
9
Let m = 6794 + 59491. Suppose 36*c = -9*c + m. What is the units digit of c?
3
Suppose -2*g + 10 = -y, 0*y = 5*y. Suppose -s + g*z + 199 = 0, 5*s + 4*z - 995 = 9*z. What is the hundreds digit of s?
1
Let q = -206 + 209. Suppose -2*b = -4, 0 = -2*f + q*b - 7*b + 780. What is the units digit of f?
6
Let y(u) = -u**2 + 8*u + 18. Let v(i) = -1. Let m(j) = 22*v(j) - 2*y(j). What is the tens digit of m(-11)?
6
Suppose -9*i - 4245